
9
What is the remainder when 82051 is divided by 298?
101
What is the remainder when 3718612 is divided by 36?
28
What is the remainder when 10656710 is divided by 240?
230
What is the remainder when 710128 is divided by 236637?
217
What is the remainder when 31204278 is divided by 10401426?
0
Calculate the remainder when 3258925 is divided by 2130.
25
What is the remainder when 28265241 is divided by 61580?
21
Calculate the remainder when 158334 is divided by 3175.
2759
Calculate the remainder when 25138 is divided by 7098.
3844
What is the remainder when 4475089 is divided by 344236?
21
What is the remainder when 1056073 is divided by 1856?
9
What is the remainder when 1735306 is divided by 2537?
2535
Calculate the remainder when 9906994 is divided by 749.
720
What is the remainder when 8979776 is divided by 57196?
4
What is the remainder when 168180 is divided by 6957?
1212
Calculate the remainder when 10138796 is divided by 852.
848
Calculate the remainder when 311818 is divided by 4594.
4020
Calculate the remainder when 6403193 is divided by 2208.
2201
What is the remainder when 1211727 is divided by 22031?
22
What is the remainder when 3520225 is divided by 185275?
0
Calculate the remainder when 103382 is divided by 1541.
135
What is the remainder when 4724388 is divided by 49?
4
What is the remainder when 45205792 is divided by 15068579?
55
What is the remainder when 21822 is divided by 2035?
1472
Calculate the remainder when 463693 is divided by 62.
57
What is the remainder when 6310700 is divided by 245?
235
What is the remainder when 21928314 is divided by 6649?
6561
What is the remainder when 7605832 is divided by 7706?
10
What is the remainder when 337621 is divided by 56208?
373
What is the remainder when 39765258 is divided by 228?
6
Calculate the remainder when 1381199 is divided by 23810.
219
What is the remainder when 4965913 is divided by 57?
16
What is the remainder when 587786 is divided by 57?
2
Calculate the remainder when 2135730 is divided by 2909.
524
What is the remainder when 472819 is divided by 5366?
611
Calculate the remainder when 1987822 is divided by 486.
82
Calculate the remainder when 960685 is divided by 56.
5
Calculate the remainder when 2180663 is divided by 909.
881
What is the remainder when 1360595 is divided by 550?
445
Calculate the remainder when 46533 is divided by 23219.
95
Calculate the remainder when 1002907 is divided by 501443.
21
What is the remainder when 512848 is divided by 387?
73
What is the remainder when 76763395 is divided by 2940?
2935
What is the remainder when 4155031 is divided by 415502?
11
Calculate the remainder when 3588371 is divided by 183.
107
Calculate the remainder when 171964319 is divided by 165.
164
Calculate the remainder when 68916 is divided by 3445.
16
Calculate the remainder when 233514547 is divided by 3076.
7
What is the remainder when 239629 is divided by 256?
13
Calculate the remainder when 532469 is divided by 756.
245
Calculate the remainder when 4126074 is divided by 170.
4
What is the remainder when 241575 is divided by 30154?
343
What is the remainder when 2206194 is divided by 1103096?
2
Calculate the remainder when 1480695 is divided by 512.
503
What is the remainder when 13119 is divided by 2491?
664
Calculate the remainder when 67714257 is divided by 13.
0
What is the remainder when 80475400 is divided by 144?
136
Calculate the remainder when 5231238 is divided by 6097.
12
Calculate the remainder when 137009975 is divided by 58.
55
What is the remainder when 131225220 is divided by 104?
100
What is the remainder when 83847 is divided by 8905?
3702
What is the remainder when 187335 is divided by 31203?
117
Calculate the remainder when 741995 is divided by 1127.
429
What is the remainder when 4496389 is divided by 1199?
139
Calculate the remainder when 327863 is divided by 327841.
22
Calculate the remainder when 221432 is divided by 1450.
1032
What is the remainder when 592294 is divided by 551?
520
Calculate the remainder when 49902236 is divided by 2673.
2672
What is the remainder when 1061404 is divided by 7800?
604
Calculate the remainder when 1822223 is divided by 6955.
13
Calculate the remainder when 3355017 is divided by 1090.
1087
Calculate the remainder when 46252190 is divided by 1063.
1060
Calculate the remainder when 2861554 is divided by 65035.
14
Calculate the remainder when 585234 is divided by 1569.
1566
Calculate the remainder when 100782 is divided by 947.
400
Calculate the remainder when 86387 is divided by 1598.
95
Calculate the remainder when 341311 is divided by 402.
13
Calculate the remainder when 10200130 is divided by 850004.
82
What is the remainder when 6188950 is divided by 1934?
150
Calculate the remainder when 17967 is divided by 745.
87
Calculate the remainder when 17545 is divided by 166.
115
What is the remainder when 25504 is divided by 10805?
3894
Calculate the remainder when 1074371 is divided by 43.
16
What is the remainder when 814636 is divided by 1094?
700
What is the remainder when 4668860 is divided by 238?
14
What is the remainder when 2094196 is divided by 1631?
1623
Calculate the remainder when 691828 is divided by 176.
148
What is the remainder when 31821779 is divided by 12?
11
What is the remainder when 467690 is divided by 2998?
2
What is the remainder when 4269473 is divided by 114?
59
What is the remainder when 2390024 is divided by 1194998?
28
Calculate the remainder when 166504 is divided by 6174.
5980
Calculate the remainder when 104185 is divided by 34629.
298
Calculate the remainder when 1385865 is divided by 1657.
613
What is the remainder when 153336 is divided by 51095?
51
What is the remainder when 3863 is divided by 1704?
455
What is the remainder when 3259476 is divided by 77606?
24
What is the remainder when 2651118 is divided by 662769?
42
Calculate the remainder when 1377752 is divided by 330.
2
What is the remainder when 345058 is divided by 887?
15
What is the remainder when 23346327 is divided by 1605?
1602
Calculate the remainder when 101149 is divided by 1111.
48
What is the remainder when 71027804 is divided by 16066?
18
What is the remainder when 33593 is divided by 1793?
1319
Calculate the remainder when 1289237 is divided by 53.
12
Calculate the remainder when 5047910 is divided by 68.
66
Calculate the remainder when 322381 is divided by 1999.
542
Calculate the remainder when 4533148 is divided by 615.
598
What is the remainder when 6150782 is divided by 2050216?
134
Calculate the remainder when 38140 is divided by 1533.
1348
What is the remainder when 998612 is divided by 998533?
79
What is the remainder when 39978247 is divided by 1313?
23
Calculate the remainder when 32497 is divided by 16243.
11
What is the remainder when 828792 is divided by 1319?
460
What is the remainder when 5277606 is divided by 59?
56
What is the remainder when 1354213 is divided by 654?
433
Calculate the remainder when 27387909 is divided by 163.
160
Calculate the remainder when 20610417 is divided by 4440.
4377
What is the remainder when 591342 is divided by 399?
24
Calculate the remainder when 512198 is divided by 5626.
232
What is the remainder when 20434 is divided by 3380?
154
What is the remainder when 11544719 is divided by 608?
15
What is the remainder when 47060 is divided by 46566?
494
What is the remainder when 15164350 is divided by 56?
54
Calculate the remainder when 31455907 is divided by 177.
175
What is the remainder when 801159 is divided by 200189?
403
Calculate the remainder when 269606 is divided by 1289.
205
What is the remainder when 4050132 is divided by 10743?
21
What is the remainder when 2695559 is divided by 14?
13
What is the remainder when 42536782 is divided by 664637?
14
Calculate the remainder when 6642376 is divided by 6122.
6
Calculate the remainder when 154926826 is divided by 5964.
5962
Calculate the remainder when 33661707 is divided by 78833.
16
What is the remainder when 495312 is divided by 12967?
2566
What is the remainder when 73362 is divided by 9?
3
What is the remainder when 79120 is divided by 39446?
228
Calculate the remainder when 8918420 is divided by 16.
4
What is the remainder when 62695 is divided by 964?
35
What is the remainder when 4218446 is d